Let s(t) = t - 14. Let q(z) = -5. Let d(n) = 11*q(n) - 4*s(n). Suppose -7*y + 6 = -4*y. Suppose -3*i + 2*i - y = 0. Determine d(i).
9
Let f(c) = -2*c. Let v(g) = -g**2 - 3*g + 2. Let t be v(-4). Let a = 2 + t. Let r be (-8)/(-1 + a) + -3. Calculate f(r).
-10
Let x(s) = s - 70 + 29 + 38. Calculate x(4).
1
Let y(s) = -s**3 + 4*s**2 - 4. Let t be y(3). Let n(w) = 0 + 4 - t - 9*w. Let j be (-1)/(-1 + -1 - -3). Determine n(j).
8
Let r(i) = i**2 + 6 + 4*i**3 - 5*i**3 - i**2. Let w be r(0). Let o(x) = -x**3 + 7*x**2 - 8*x + 8. Determine o(w).
-4
Let g = -3 + 8. Let z(n) = -9*n + 10. Let m(f) = 0*f + 2*f - 5 + 2*f. Let l(t) = 5*m(t) + 2*z(t). Calculate l(g).
5
Let l(o) = -o**2 + o + 2. Let y be l(0). Let z(v) = v**3 + v**2 - 1. Let i(b) = 4*b**3 - 1. Let g(m) = i(m) - 3*z(m). Give g(y).
-2
Let u(y) = -3*y**2 - 5*y + 2. Let i be (1 + (-9)/6)*-8. Let l(k) = -7*k**2 - 10*k + 4. Let q(s) = i*l(s) - 9*u(s). What is q(4)?
2
Let s(y) = y - 5. Suppose 0 = -4*p + x + 22, 0 = p - 4*x + 1 - 14. What is s(p)?
0
Let p = 6 + 0. Let k(h) = p*h - 5*h + 8 + 0*h. Let f be k(-9). Let r(b) = -9*b**3 - b**2 - b. What is r(f)?
9
Let n(m) = 2*m + 1. Let g be n(1). Suppose -g*i = -8*i. Let v(r) = -r + 1. Give v(i).
1
Suppose 2*k = 6*k + 4. Let i(l) be the third derivative of l**4/12 + l**3/6 - 24*l**2. Calculate i(k).
-1
Let w(o) = o - 17. Let s be w(10). Let y(l) = l**3 + 8*l**2 + 6*l - 2. Calculate y(s).
5
Suppose 8 = 2*l - 10. Let d(g) = -g**2 + 2*g - 5*g - 3 + l*g. What is d(6)?
-3
Let g be (-2)/(-10)*11 + (-12)/60. Let h(q) be the second derivative of 0 - 1/2*q**3 - 2*q - 3*q**g. Calculate h(-4).
6
Let i(v) = v + 3. Let a(u) = u**3 + 5*u**2 - 7*u - 7. Let p be a(-6). Let r be (p - -7)/(5 + -7). Give i(r).
0
Let g(r) = -5*r**3 + 5*r**2 + 4*r + 3. Let l(c) = -4*c**3 + 4*c**2 + 3*c + 3. Let k(b) = -6*g(b) + 7*l(b). Give k(2).
5
Let p(n) = n + 4. Suppose 5 = -5*a + 4*a. Give p(a).
-1
Let x(n) = -n**3 - 13*n**2 - 30*n - 1. Let h be x(-10). Let a(w) = 8*w + 1. What is a(h)?
-7
Let b(r) = 3*r**2 - r. Suppose 8 = -0*q + 4*q. Suppose -18 = -q*j + 4*o, 2*j + 2*j + o = 0. What is b(j)?
2
Suppose -5*t - 5*u + 0 = 5, 2*u - 3 = -t. Let a(h) be the first derivative of -h**3/3 - 7*h**2/2 - 2*h - 1. Calculate a(t).
8
Let f = 4 + -3. Suppose 0 = 4*i - 5*u + 12 + f, i + u = 8. Let k(p) = -4*p**2 + p**2 + 0*p**2 + i + p**3 - 3*p. Give k(3).
-6
Let v(t) = t**2 + 7*t + 9. Let x be 13/(-2) - (-2)/4. Let l be v(x). Let k(a) = -2*a**2 + 3*a - 1. What is k(l)?
-10
Let y(k) be the first derivative of -k**5/120 + k**4/4 - k**3/3 + 1. Let c(v) be the third derivative of y(v). Calculate c(0).
6
Let v(z) be the second derivative of -1/6*z**3 - 9/2*z**2 + 0 - 3*z. Calculate v(-6).
-3
Let t(p) = -75 - 3*p + 2*p + 79. Determine t(4).
0
Let x(w) = w**3 + 3*w**2 - 3*w + 5. Suppose u = -5*v - 38, 0*u + 10 = -v - u. Suppose 2*s = 0, 2*s = 2*z + 7*s + 6. Let k = v - z. Give x(k).
1
Let v be (-9)/27 - (-1)/3. Suppose 0 = -2*y + 10, 3*d + 4*y - 14 = -v. Let q(t) = -t**3 - 2*t**2 + 1. Calculate q(d).
1
Let t(v) be the first derivative of -v**3/3 + v**2 - v - 24. Let k(w) be the second derivative of -w**4/6 + w**3/2 + w. Let s be k(2). Determine t(s).
-9
Suppose -4*r - 11 = -3*x, -4*x - 6 = 3*r + 2*r. Let z(l) = -2*l**3 - 2*l**2 + l. What is z(x)?
-3
Let n(i) = -i**3 - i**2 - i - 1. Let g(p) = -1 + 4*p + 11 + 9*p**3 - 4*p**3. Let o(m) = -g(m) - 6*n(m). Calculate o(-5).
11
Suppose 5*q + 3 = i, 0*q + q = 4*i + 7. Let u(c) be the first derivative of c**2/2 - c + 2. Let b(z) = -z. Let a(m) = 6*b(m) + u(m). What is a(q)?
4
Let f = 12 - 10. Let i(b) = -3*b + 4*b**2 + 3*b**3 - 2 - 4*b**3 + f*b**3 - 2*b**3. Let m be i(3). Let r(t) = -3*t. Calculate r(m).
6
Let r(n) = -n**3 - 2*n**2 + 2. Let u(o) = o**2. Suppose 5*p - 22 = 2*y, 0 = 2*y - 0*y - 3*p + 14. Let v = 2 + y. Let h(q) = v*r(q) + 6*u(q). Calculate h(4).
2
Suppose -5 - 5 = -5*o. Let w be o*(-1 - (-14)/4). Let d(t) = t**3 - 6*t**2 + 6*t - 1. What is d(w)?
4
Let s(f) be the second derivative of -1/2*f**2 + 0 - 1/6*f**3 + f - 7/24*f**4. Let a(u) be the first derivative of s(u). What is a(-1)?
6
Let k(m) = 11 - 32 + 4*m + 18. Give k(2).
5
Let b(l) be the second derivative of l**4/12 - l**3/6 - 2*l**2 - 35*l. Give b(0).
-4
Let h be (-1)/3 - (-15)/(-9). Let l(m) = m**2 - 5*m - 5. Let n(j) = j + 1. Let p(y) = -y**2 - 8*y + 1. Let i be p(-8). Let z(f) = i*l(f) + 6*n(f). Give z(h).
3
Let s be ((-24)/9)/(4/(-6)). Suppose -5*f - 2*h + 4 = -0*f, -2*f - s = -2*h. Let j(p) = -p**2 - p. Calculate j(f).
0
Let o(r) = r**2 - 7*r + 1. Suppose t + 0*w = -3*w + 16, 4*t - w - 12 = 0. Suppose t*i = -i - 90. Let l = -12 - i. Calculate o(l).
-5
Let c = -20 - -29. Let j be 5/(15/c) + -6. Let u(a) = a**3 + 4*a**2. What is u(j)?
9
Let t(s) = -5*s**2. Let y(q) = q - 10. Let i = -1 - -13. Let o be y(i). Let g be (1/2)/((-1)/o). Determine t(g).
-5
Let c be 7/2*12/21. Let h = 5 - c. Suppose 2*f - 13 = h*b + 12, 20 = -5*b - f. Let t(p) = -p**2 - 6*p - 5. Determine t(b).
0
Let m = -5/104 + 101/1560. Let q(h) be the third derivative of 5/24*h**4 + 0*h - 5/6*h**3 + m*h**5 + 0 - h**2. Give q(-6).
1
Let o = -2 - -4. Let n = o + -7. Let k(g) = 2*g + 7. Calculate k(n).
-3
Let a be ((-3)/2)/3*0. Let k(s) = -10*s**2 + a*s**3 + 7*s**2 + 3*s + s**3 + s**2. Determine k(2).
6
Let b(d) = -d**2 + 2*d + 2. Let s(g) = -3*g**2 + 5*g + 5. Let z(j) = 11*b(j) - 4*s(j). Give z(-1).
1
Let x be (3/(-2))/((-27)/(-36)). Let k(l) = l**3 + 3*l**2 + 2*l + 3. What is k(x)?
3
Let n(g) = -g + 7. Let t(b) = b - 8. Let q(m) = -4*n(m) - 3*t(m). Determine q(6).
2
Let q(h) = h**2 + 4*h - 3. Let p be q(-5). Let z = -2 + p. Let g(f) = -4*f + 3. Let t(l) = l - 1. Let s(u) = g(u) + 5*t(u). Give s(z).
-2
Let d(x) be the third derivative of -x**5/60 + x**4/24 + 17*x**2. Give d(-1).
-2
Let i(r) = -r**2 - r + 4. Let o(d) = 1. Let y(q) = i(q) - 2*o(q). What is y(3)?
-10
Let d(i) = -i + 1. Let c = 56 - 53. Determine d(c).
-2
Let x(k) = k**3 - k**2 - 3*k - 2. Let c = -17 + 17. Suppose c*a = -5*a + 15. What is x(a)?
7
Let s(y) = -2*y**2 + 2*y + 5. Let i be s(0). Let t(u) = u**2 - 4*u - 5. Determine t(i).
0
Let s(t) = -t**2 + 3*t + 7. Let y(p) = 2*p**2 - 6*p - 13. Let v(m) = -5*s(m) - 3*y(m). Suppose 5*b = 3*q, -27 - 8 = -4*q - 5*b. Determine v(q).
-6
Let u = 8 - 5. Let w(l) = -2*l**2 + 2*l + 3. What is w(u)?
-9
Let g(l) = l + 1. Let p(d) = 2*d**2 + 4*d + 3. Let w be p(-2). Let x be (-4)/w*3/(-2). Calculate g(x).
3
Let r be (1/3*3)/1. Let a(g) = 3 - g**2 - 3 + 5*g**3. What is a(r)?
4
Let w(d) = 1 + 3 - 5*d**3 - 2 + d**3. Let k(g) = -51*g**3 + 27. Let c(f) = -2*k(f) + 27*w(f). Calculate c(1).
-6
Let m(p) be the second derivative of p**3/6 + 2*p**2 - 8*p. What is m(-7)?
-3
Let n(m) be the first derivative of m**3/3 + 7*m**2/2 - m - 5. What is n(-4)?
-13
Let w(y) = -5*y**3 - 7*y**2 + 2*y + 10. Let z(f) = 6*f**3 + 8*f**2 - f - 11. Let b(m) = -5*w(m) - 4*z(m). Determine b(-4).
2
Let j(n) be the third derivative of 0 + 3*n**2 + 0*n - 4/3*n**3 - 1/24*n**4. Calculate j(0).
-8
Suppose 4*t + 1 + 15 = 0. Let s(y) = 2*y**2 + 6*y + 2. What is s(t)?
10
Let i be 95/114 - 2/6. Let y(p) be the third derivative of 1/120*p**6 - i*p**3 + 0*p - 2*p**2 + 1/24*p**4 + 0 + 1/60*p**5. Calculate y(0).
-3
Suppose -3*g - 16 + 1 = -4*c, 3*g = 3*c - 9. Let a(q) = -4*q + 9. Calculate a(c).
-15
Let c = -6 - -8. Let l(b) = -13*b**2 + 5*b - 9. Let k(r) = 4*r**2 - 2*r + 3. Let v(f) = -7*k(f) - 2*l(f). Calculate v(c).
-3
Let t = -21 - -15. Let c(l) = -l**3 - 6*l**2 + 5. Let u be c(t). Let m(j) = 6*j + 3. Let a(v) = v. Let q(f) = -14*a(f) + 2*m(f). Determine q(u).
-4
Let f(r) = -4*r + 5 + 3*r + 0. Let x(l) = -l + 6. Let s be x(0). Let a be f(s). Let o(g) = 4*g - 1. Calculate o(a).
-5
Let z(q) = -10*q - 1. Let d be 25/(-20) - 2/(-8). Let b be ((-3)/3 - -1) + d. What is z(b)?
9
Let q(p) = -p. Let d(a) = a**2 - a - 4. Let b(o) = -d(o) - 5*q(o). What is b(7)?
-3
Let l(k) = 8*k**2. Suppose 2*i + i - 6 = 0. Suppose -g + i - 3 = 0. What is l(g)?
8
Suppose a = -5*f + 5, -8*a + 3*a - 3*f + 3 = 0. Let t(z) be the second derivative of 1/20*z**5 + 0 - 1/6*z**3 - z + 5/2*z**2 + 1/12*z**4. Give t(a).
5
Let a(s) = s**2 - 4*s - 11. Let g be a(5). Let v(h) = -h**2 - 4*h + 3. Calculate v(g).
-9
Let g(c) = -3*c + 1 + 4*c + c**2 + 3*c - 3*c. Calculate g(0).
1
Let i(m) = m + 2. Let a be i(3). Let z